{"id":11743,"date":"2025-03-29T22:25:18","date_gmt":"2025-03-29T21:25:18","guid":{"rendered":"https:\/\/www.springclassic.cz\/?page_id=11743"},"modified":"2026-04-09T20:56:03","modified_gmt":"2026-04-09T19:56:03","slug":"trasa-2025","status":"publish","type":"page","link":"https:\/\/www.springclassic.cz\/de\/trasa-2025\/","title":{"rendered":"Rallye-Route 2025"},"content":{"rendered":"<p><\/p>\n\n\n\n<h3 class=\"wp-block-heading\">VI. Spring Classic (231 km)<\/h3>\n\n\n\n<p><strong>Samstag 12. April 2025<\/strong><\/p>\n\n\n\n<p>10:00 T\u00e1bor, Bechy\u0148sk\u00e1 br\u00e1na &#8211; START<br>10:09 Ko\u0161\u00edn<br>10:13 Chotoviny, Museum Janeck\u00fd &#8211; TEST<br>10:18 Pol\u00e1nka<br>10:20 Beranova Lhota<br>10:22 Jedlany<br>10:25 Hlasivo<br>10:27 Star\u00e1 Vo\u017eice<br>10:33 Mlad\u00e1 Vo\u017eice, Kindergarten &#8211; TEST<br>10:37 B\u011ble\u010d<br>10:38 Elban\u010dice<br>10:41 Vilice<br>10:45 Dam\u011bnice<br>10:49 Na\u010deradec<br>10:54 K\u0159\u00ed\u017eov<br>10:58 Kondrac<br>11:05 Vla\u0161im, Schloss &#8211; COFFEE BREAK &#8211; 20 Minuten &amp; TEST<br>11:32 Ctibo\u0159<br>11:36 Libe\u017e<br>11:40 V\u0161echlapy<br>11:46 Divi\u0161ov, Speedway &#8211; TEST<br>11:52 T\u0159emo\u0161nice<br>11:57 Choratice<br>12:01 Dojet\u0159ice<br>12:05 S\u00e1zava<br>12:13 Talmberk<br>12:18 Rataje nad S\u00e1zavou<br>12:21 Kozojedy<br>12:30 \u010cesk\u00fd \u0160ternberk<br>12:37 Radonice<br>12:41 Zdebuzeves<br>12:44 Licom\u011brsko<br>12:50 K\u00e1cov, Pivovar Hubertus (Brauerei) &#8211; MITTAGESSEN &#8211; 40 Minuten<br>13:33 Zliv<br>13:37 Hol\u0161ice<br>13:39 Chabe\u0159ice<br>13:44 Zru\u010d nad S\u00e1zavou, Schloss<br>13:50 Soutice<br>13:55 Trhov\u00fd \u0160t\u011bp\u00e1nov<br>13:59 Tehov<br>14:00 Kladruby, Rehabilitationsinstitut<br>14:04 Pavlovice<br>14:09 Vla\u0161im, Sportplatz &#8211; TEST<br>14:22 Veli\u0161<br>14:26 \u010cest\u00edn<br>14:28 Skr\u00fd\u0161ov<br>14:31 Jankov<br>14:33 Otradovice<br>14:36 Neustupovsk\u00e9 Otradovice<br>14:41 Votice, Hauptplatz &#8211; TEST<br>14:47 Jest\u0159ebice<br>14:49 Arno\u0161tovice<br>14:53 He\u0159mani\u010dky<br>14:54 Loudilka<br>14:57 Sedlec-Pr\u010dice<br>15:02 Jet\u0159ichovice<br>15:05 Mon\u00ednec &#8211; COFFEE BREAK &#8211; 35 Minuten &amp; TEST<br>15:48 Cunkov<br>15:49 Alenina Lhota<br>15:52 Chlum<br>15:56 Jistebnice<br>16:00 Drahn\u011btice<br>16:05 Skr\u00fdchov u Opa\u0159an<br>16:08 Opa\u0159any<br>16:11 St\u00e1dlec<br>16:19 Dob\u0159ejice<br>16:25 Mal\u0161ice<br>16:32 Slapy, API CZ &#8211; TEST<br>16:40 T\u00e1bor, Bechy\u0148sk\u00e1 br\u00e1na &#8211; ZIEL<\/p>\n\n\n\n<p><\/p>","protected":false},"excerpt":{"rendered":"<p>VI. Spring Classic (231 km) Samstag 12. April 2025 10:00 T\u00e1bor, Bechy\u0148sk\u00e1 br\u00e1na &#8211; START10:09 Ko\u0161\u00edn10:13 Chotoviny, Museum Janeck\u00fd &#8211; TEST10:18 Pol\u00e1nka10:20 Beranova Lhota10:22 Jedlany10:25 Hlasivo10:27 Star\u00e1 Vo\u017eice10:33 Mlad\u00e1 Vo\u017eice, Kindergarten &#8211; TEST10:37 B\u011ble\u010d10:38 Elban\u010dice10:41 Vilice10:45 Dam\u011bnice10:49 Na\u010deradec10:54 K\u0159\u00ed\u017eov10:58 Kondrac11:05 Vla\u0161im, Schloss &#8211; COFFEE BREAK &#8211; 20 Minuten &amp; TEST11:32 Ctibo\u015911:36 Libe\u017e11:40 V\u0161echlapy11:46 Divi\u0161ov, Speedway [&hellip;]<\/p>\n","protected":false},"author":2,"featured_media":0,"parent":0,"menu_order":0,"comment_status":"closed","ping_status":"closed","template":"","meta":{"_acf_changed":false,"ngg_post_thumbnail":0,"footnotes":""},"class_list":["post-11743","page","type-page","status-publish","hentry"],"acf":[],"yoast_head":"<!-- This site is optimized with the Yoast SEO plugin v27.5 - https:\/\/yoast.com\/product\/yoast-seo-wordpress\/ -->\n<title>VI. Spring Classic | 12. 4. 2025 | Trasa sout\u011b\u017ee<\/title>\n<meta name=\"description\" content=\"Trasa \u00favodn\u00edho podniku seri\u00e1lu Classic Challenge 2025 zavede pos\u00e1dky z T\u00e1bora kolem Blan\u00edku do malebn\u00e9ho prost\u0159ed\u00ed \u0159eky S\u00e1zavy.\" \/>\n<meta name=\"robots\" content=\"index, follow, max-snippet:-1, max-image-preview:large, max-video-preview:-1\" \/>\n<link rel=\"canonical\" href=\"https:\/\/www.springclassic.cz\/trasa-2025\/\" \/>\n<meta property=\"og:locale\" content=\"de_DE\" \/>\n<meta property=\"og:type\" content=\"article\" \/>\n<meta property=\"og:title\" content=\"VI. Spring Classic | 12. 4. 2025 | Trasa sout\u011b\u017ee\" \/>\n<meta property=\"og:description\" content=\"Trasa \u00favodn\u00edho podniku seri\u00e1lu Classic Challenge 2025 zavede pos\u00e1dky z T\u00e1bora kolem Blan\u00edku do malebn\u00e9ho prost\u0159ed\u00ed \u0159eky S\u00e1zavy.\" \/>\n<meta property=\"og:url\" content=\"https:\/\/www.springclassic.cz\/trasa-2025\/\" \/>\n<meta property=\"og:site_name\" content=\"Spring Classic\" \/>\n<meta property=\"article:modified_time\" content=\"2026-04-09T19:56:03+00:00\" \/>\n<meta property=\"og:image\" content=\"https:\/\/www.springclassic.cz\/wp-content\/uploads\/2025\/03\/sc2025_trasa-scaled.jpg\" \/>\n\t<meta property=\"og:image:width\" content=\"2560\" \/>\n\t<meta property=\"og:image:height\" content=\"1707\" \/>\n\t<meta property=\"og:image:type\" content=\"image\/jpeg\" \/>\n<meta name=\"twitter:card\" content=\"summary_large_image\" \/>\n<meta name=\"twitter:title\" content=\"VI. Spring Classic | 12. 4. 2025 | Trasa sout\u011b\u017ee\" \/>\n<meta name=\"twitter:description\" content=\"Trasa \u00favodn\u00edho podniku seri\u00e1lu Classic Challenge 2025 zavede pos\u00e1dky z T\u00e1bora kolem Blan\u00edku do malebn\u00e9ho prost\u0159ed\u00ed \u0159eky S\u00e1zavy.\" \/>\n<meta name=\"twitter:image\" content=\"https:\/\/www.springclassic.cz\/wp-content\/uploads\/2025\/03\/sc2025_trasa-scaled.jpg\" \/>\n<meta name=\"twitter:label1\" content=\"Gesch\u00e4tzte Lesezeit\" \/>\n\t<meta name=\"twitter:data1\" content=\"4\u00a0Minuten\" \/>\n<script type=\"application\/ld+json\" class=\"yoast-schema-graph\">{\"@context\":\"https:\\\/\\\/schema.org\",\"@graph\":[{\"@type\":\"WebPage\",\"@id\":\"https:\\\/\\\/www.springclassic.cz\\\/trasa-2025\\\/\",\"url\":\"https:\\\/\\\/www.springclassic.cz\\\/trasa-2025\\\/\",\"name\":\"VI. Spring Classic | 12. 4. 2025 | Trasa sout\u011b\u017ee\",\"isPartOf\":{\"@id\":\"https:\\\/\\\/www.springclassic.cz\\\/#website\"},\"datePublished\":\"2025-03-29T21:25:18+00:00\",\"dateModified\":\"2026-04-09T19:56:03+00:00\",\"description\":\"Trasa \u00favodn\u00edho podniku seri\u00e1lu Classic Challenge 2025 zavede pos\u00e1dky z T\u00e1bora kolem Blan\u00edku do malebn\u00e9ho prost\u0159ed\u00ed \u0159eky S\u00e1zavy.\",\"breadcrumb\":{\"@id\":\"https:\\\/\\\/www.springclassic.cz\\\/trasa-2025\\\/#breadcrumb\"},\"inLanguage\":\"de\",\"potentialAction\":[{\"@type\":\"ReadAction\",\"target\":[\"https:\\\/\\\/www.springclassic.cz\\\/trasa-2025\\\/\"]}]},{\"@type\":\"BreadcrumbList\",\"@id\":\"https:\\\/\\\/www.springclassic.cz\\\/trasa-2025\\\/#breadcrumb\",\"itemListElement\":[{\"@type\":\"ListItem\",\"position\":1,\"name\":\"Dom\u016f\",\"item\":\"https:\\\/\\\/www.springclassic.cz\\\/\"},{\"@type\":\"ListItem\",\"position\":2,\"name\":\"Trasa sout\u011b\u017ee 2025\"}]},{\"@type\":\"WebSite\",\"@id\":\"https:\\\/\\\/www.springclassic.cz\\\/#website\",\"url\":\"https:\\\/\\\/www.springclassic.cz\\\/\",\"name\":\"Spring Classic\",\"description\":\"Spring Classic\",\"potentialAction\":[{\"@type\":\"SearchAction\",\"target\":{\"@type\":\"EntryPoint\",\"urlTemplate\":\"https:\\\/\\\/www.springclassic.cz\\\/?s={search_term_string}\"},\"query-input\":{\"@type\":\"PropertyValueSpecification\",\"valueRequired\":true,\"valueName\":\"search_term_string\"}}],\"inLanguage\":\"de\"}]}<\/script>\n<!-- \/ Yoast SEO plugin. -->","yoast_head_json":{"title":"VI. Spring Classic | 12. 4. 2025 | Trasa sout\u011b\u017ee","description":"Trasa \u00favodn\u00edho podniku seri\u00e1lu Classic Challenge 2025 zavede pos\u00e1dky z T\u00e1bora kolem Blan\u00edku do malebn\u00e9ho prost\u0159ed\u00ed \u0159eky S\u00e1zavy.","robots":{"index":"index","follow":"follow","max-snippet":"max-snippet:-1","max-image-preview":"max-image-preview:large","max-video-preview":"max-video-preview:-1"},"canonical":"https:\/\/www.springclassic.cz\/trasa-2025\/","og_locale":"de_DE","og_type":"article","og_title":"VI. Spring Classic | 12. 4. 2025 | Trasa sout\u011b\u017ee","og_description":"Trasa \u00favodn\u00edho podniku seri\u00e1lu Classic Challenge 2025 zavede pos\u00e1dky z T\u00e1bora kolem Blan\u00edku do malebn\u00e9ho prost\u0159ed\u00ed \u0159eky S\u00e1zavy.","og_url":"https:\/\/www.springclassic.cz\/trasa-2025\/","og_site_name":"Spring Classic","article_modified_time":"2026-04-09T19:56:03+00:00","og_image":[{"width":2560,"height":1707,"url":"https:\/\/www.springclassic.cz\/wp-content\/uploads\/2025\/03\/sc2025_trasa-scaled.jpg","type":"image\/jpeg"}],"twitter_card":"summary_large_image","twitter_title":"VI. Spring Classic | 12. 4. 2025 | Trasa sout\u011b\u017ee","twitter_description":"Trasa \u00favodn\u00edho podniku seri\u00e1lu Classic Challenge 2025 zavede pos\u00e1dky z T\u00e1bora kolem Blan\u00edku do malebn\u00e9ho prost\u0159ed\u00ed \u0159eky S\u00e1zavy.","twitter_image":"https:\/\/www.springclassic.cz\/wp-content\/uploads\/2025\/03\/sc2025_trasa-scaled.jpg","twitter_misc":{"Gesch\u00e4tzte Lesezeit":"4\u00a0Minuten"},"schema":{"@context":"https:\/\/schema.org","@graph":[{"@type":"WebPage","@id":"https:\/\/www.springclassic.cz\/trasa-2025\/","url":"https:\/\/www.springclassic.cz\/trasa-2025\/","name":"VI. Spring Classic | 12. 4. 2025 | Trasa sout\u011b\u017ee","isPartOf":{"@id":"https:\/\/www.springclassic.cz\/#website"},"datePublished":"2025-03-29T21:25:18+00:00","dateModified":"2026-04-09T19:56:03+00:00","description":"Trasa \u00favodn\u00edho podniku seri\u00e1lu Classic Challenge 2025 zavede pos\u00e1dky z T\u00e1bora kolem Blan\u00edku do malebn\u00e9ho prost\u0159ed\u00ed \u0159eky S\u00e1zavy.","breadcrumb":{"@id":"https:\/\/www.springclassic.cz\/trasa-2025\/#breadcrumb"},"inLanguage":"de","potentialAction":[{"@type":"ReadAction","target":["https:\/\/www.springclassic.cz\/trasa-2025\/"]}]},{"@type":"BreadcrumbList","@id":"https:\/\/www.springclassic.cz\/trasa-2025\/#breadcrumb","itemListElement":[{"@type":"ListItem","position":1,"name":"Dom\u016f","item":"https:\/\/www.springclassic.cz\/"},{"@type":"ListItem","position":2,"name":"Trasa sout\u011b\u017ee 2025"}]},{"@type":"WebSite","@id":"https:\/\/www.springclassic.cz\/#website","url":"https:\/\/www.springclassic.cz\/","name":"Spring Classic","description":"Spring Classic","potentialAction":[{"@type":"SearchAction","target":{"@type":"EntryPoint","urlTemplate":"https:\/\/www.springclassic.cz\/?s={search_term_string}"},"query-input":{"@type":"PropertyValueSpecification","valueRequired":true,"valueName":"search_term_string"}}],"inLanguage":"de"}]}},"_links":{"self":[{"href":"https:\/\/www.springclassic.cz\/de\/wp-json\/wp\/v2\/pages\/11743","targetHints":{"allow":["GET"]}}],"collection":[{"href":"https:\/\/www.springclassic.cz\/de\/wp-json\/wp\/v2\/pages"}],"about":[{"href":"https:\/\/www.springclassic.cz\/de\/wp-json\/wp\/v2\/types\/page"}],"author":[{"embeddable":true,"href":"https:\/\/www.springclassic.cz\/de\/wp-json\/wp\/v2\/users\/2"}],"replies":[{"embeddable":true,"href":"https:\/\/www.springclassic.cz\/de\/wp-json\/wp\/v2\/comments?post=11743"}],"version-history":[{"count":3,"href":"https:\/\/www.springclassic.cz\/de\/wp-json\/wp\/v2\/pages\/11743\/revisions"}],"predecessor-version":[{"id":12517,"href":"https:\/\/www.springclassic.cz\/de\/wp-json\/wp\/v2\/pages\/11743\/revisions\/12517"}],"wp:attachment":[{"href":"https:\/\/www.springclassic.cz\/de\/wp-json\/wp\/v2\/media?parent=11743"}],"curies":[{"name":"wp","href":"https:\/\/api.w.org\/{rel}","templated":true}]}}

<p></p>



<h3 class="wp-block-heading">VI. Spring Classic (231 km)</h3>



<p><strong>Samstag 12. April 2025</strong></p>



<p>10:00 Tábor, Bechyňská brána &#8211; START<br>10:09 Košín<br>10:13 Chotoviny, Museum Janecký &#8211; TEST<br>10:18 Polánka<br>10:20 Beranova Lhota<br>10:22 Jedlany<br>10:25 Hlasivo<br>10:27 Stará Vožice<br>10:33 Mladá Vožice, Kindergarten &#8211; TEST<br>10:37 Běleč<br>10:38 Elbančice<br>10:41 Vilice<br>10:45 Daměnice<br>10:49 Načeradec<br>10:54 Křížov<br>10:58 Kondrac<br>11:05 Vlašim, Schloss &#8211; COFFEE BREAK &#8211; 20 Minuten &amp; TEST<br>11:32 Ctiboř<br>11:36 Libež<br>11:40 Všechlapy<br>11:46 Divišov, Speedway &#8211; TEST<br>11:52 Třemošnice<br>11:57 Choratice<br>12:01 Dojetřice<br>12:05 Sázava<br>12:13 Talmberk<br>12:18 Rataje nad Sázavou<br>12:21 Kozojedy<br>12:30 Český Šternberk<br>12:37 Radonice<br>12:41 Zdebuzeves<br>12:44 Licoměrsko<br>12:50 Kácov, Pivovar Hubertus (Brauerei) &#8211; MITTAGESSEN &#8211; 40 Minuten<br>13:33 Zliv<br>13:37 Holšice<br>13:39 Chabeřice<br>13:44 Zruč nad Sázavou, Schloss<br>13:50 Soutice<br>13:55 Trhový Štěpánov<br>13:59 Tehov<br>14:00 Kladruby, Rehabilitationsinstitut<br>14:04 Pavlovice<br>14:09 Vlašim, Sportplatz &#8211; TEST<br>14:22 Veliš<br>14:26 Čestín<br>14:28 Skrýšov<br>14:31 Jankov<br>14:33 Otradovice<br>14:36 Neustupovské Otradovice<br>14:41 Votice, Hauptplatz &#8211; TEST<br>14:47 Jestřebice<br>14:49 Arnoštovice<br>14:53 Heřmaničky<br>14:54 Loudilka<br>14:57 Sedlec-Prčice<br>15:02 Jetřichovice<br>15:05 Monínec &#8211; COFFEE BREAK &#8211; 35 Minuten &amp; TEST<br>15:48 Cunkov<br>15:49 Alenina Lhota<br>15:52 Chlum<br>15:56 Jistebnice<br>16:00 Drahnětice<br>16:05 Skrýchov u Opařan<br>16:08 Opařany<br>16:11 Stádlec<br>16:19 Dobřejice<br>16:25 Malšice<br>16:32 Slapy, API CZ &#8211; TEST<br>16:40 Tábor, Bechyňská brána &#8211; ZIEL</p>



<p></p>

<p>VI. Spring Classic (231 km) Samstag 12. April 2025 10:00 Tábor, Bechyňská brána &#8211; START10:09 Košín10:13 Chotoviny, Museum Janecký &#8211; TEST10:18 Polánka10:20 Beranova Lhota10:22 Jedlany10:25 Hlasivo10:27 Stará Vožice10:33 Mladá Vožice, Kindergarten &#8211; TEST10:37 Běleč10:38 Elbančice10:41 Vilice10:45 Daměnice10:49 Načeradec10:54 Křížov10:58 Kondrac11:05 Vlašim, Schloss &#8211; COFFEE BREAK &#8211; 20 Minuten &amp; TEST11:32 Ctiboř11:36 Libež11:40 Všechlapy11:46 Divišov, Speedway [&hellip;]</p>

<!-- This site is optimized with the Yoast SEO plugin v27.5 - https://yoast.com/product/yoast-seo-wordpress/ -->
<title>VI. Spring Classic | 12. 4. 2025 | Trasa soutěže</title>
<meta name="description" content="Trasa úvodního podniku seriálu Classic Challenge 2025 zavede posádky z Tábora kolem Blaníku do malebného prostředí řeky Sázavy." />
<meta name="robots" content="index, follow, max-snippet:-1, max-image-preview:large, max-video-preview:-1" />
<link rel="canonical" href="https://www.springclassic.cz/trasa-2025/" />
<meta property="og:locale" content="de_DE" />
<meta property="og:type" content="article" />
<meta property="og:title" content="VI. Spring Classic | 12. 4. 2025 | Trasa soutěže" />
<meta property="og:description" content="Trasa úvodního podniku seriálu Classic Challenge 2025 zavede posádky z Tábora kolem Blaníku do malebného prostředí řeky Sázavy." />
<meta property="og:url" content="https://www.springclassic.cz/trasa-2025/" />
<meta property="og:site_name" content="Spring Classic" />
<meta property="article:modified_time" content="2026-04-09T19:56:03+00:00" />
<meta property="og:image" content="https://www.springclassic.cz/wp-content/uploads/2025/03/sc2025_trasa-scaled.jpg" />
	<meta property="og:image:width" content="2560" />
	<meta property="og:image:height" content="1707" />
	<meta property="og:image:type" content="image/jpeg" />
<meta name="twitter:card" content="summary_large_image" />
<meta name="twitter:title" content="VI. Spring Classic | 12. 4. 2025 | Trasa soutěže" />
<meta name="twitter:description" content="Trasa úvodního podniku seriálu Classic Challenge 2025 zavede posádky z Tábora kolem Blaníku do malebného prostředí řeky Sázavy." />
<meta name="twitter:image" content="https://www.springclassic.cz/wp-content/uploads/2025/03/sc2025_trasa-scaled.jpg" />
<meta name="twitter:label1" content="Geschätzte Lesezeit" />
	<meta name="twitter:data1" content="4 Minuten" />
<script type="application/ld+json" class="yoast-schema-graph">{"@context":"https:\/\/schema.org","@graph":[{"@type":"WebPage","@id":"https:\/\/www.springclassic.cz\/trasa-2025\/","url":"https:\/\/www.springclassic.cz\/trasa-2025\/","name":"VI. Spring Classic | 12. 4. 2025 | Trasa soutěže","isPartOf":{"@id":"https:\/\/www.springclassic.cz\/#website"},"datePublished":"2025-03-29T21:25:18+00:00","dateModified":"2026-04-09T19:56:03+00:00","description":"Trasa úvodního podniku seriálu Classic Challenge 2025 zavede posádky z Tábora kolem Blaníku do malebného prostředí řeky Sázavy.","breadcrumb":{"@id":"https:\/\/www.springclassic.cz\/trasa-2025\/#breadcrumb"},"inLanguage":"de","potentialAction":[{"@type":"ReadAction","target":["https:\/\/www.springclassic.cz\/trasa-2025\/"]}]},{"@type":"BreadcrumbList","@id":"https:\/\/www.springclassic.cz\/trasa-2025\/#breadcrumb","itemListElement":[{"@type":"ListItem","position":1,"name":"Domů","item":"https:\/\/www.springclassic.cz\/"},{"@type":"ListItem","position":2,"name":"Trasa soutěže 2025"}]},{"@type":"WebSite","@id":"https:\/\/www.springclassic.cz\/#website","url":"https:\/\/www.springclassic.cz\/","name":"Spring Classic","description":"Spring Classic","potentialAction":[{"@type":"SearchAction","target":{"@type":"EntryPoint","urlTemplate":"https:\/\/www.springclassic.cz\/?s={search_term_string}"},"query-input":{"@type":"PropertyValueSpecification","valueRequired":true,"valueName":"search_term_string"}}],"inLanguage":"de"}]}</script>
<!-- / Yoast SEO plugin. -->

VI. Spring Classic | 12. 4. 2025 | Trasa soutěže

Trasa úvodního podniku seriálu Classic Challenge 2025 zavede posádky z Tábora kolem Blaníku do malebného prostředí řeky Sázavy.

Domů

Trasa soutěže 2025
